ided by 3480.
55
What is the remainder when 1198439 is divided by 586?
69
Calculate the remainder when 327945 is divided by 1354.
277
Calculate the remainder when 1458 is divided by 129.
39
What is the remainder when 240155 is divided by 12531?
2066
What is the remainder when 2962068 is divided by 67319?
32
Calculate the remainder when 1390055 is divided by 55593.
230
What is the remainder when 45638 is divided by 6181?
2371
What is the remainder when 897918 is divided by 1425?
168
Calculate the remainder when 43688 is divided by 744.
536
What is the remainder when 1449106 is divided by 669?
52
Calculate the remainder when 3309918 is divided by 827472.
30
What is the remainder when 58941 is divided by 1909?
1671
What is the remainder when 54519951 is divided by 192?
15
Calculate the remainder when 72785 is divided by 3830.
15
Calculate the remainder when 48612 is divided by 48495.
117
What is the remainder when 253827 is divided by 30?
27
What is the remainder when 5657578 is divided by 54?
52
What is the remainder when 97571609 is divided by 1555?
24
What is the remainder when 276562 is divided by 6037?
4897
What is the remainder when 4124729 is divided by 78?
11
Calculate the remainder when 1802 is divided by 94.
16
Calculate the remainder when 27641572 is divided by 124.
112
Calculate the remainder when 77055 is divided by 11001.
48
What is the remainder when 11663535 is divided by 239?
96
What is the remainder when 53593 is divided by 26101?
1391
What is the remainder when 32415987 is divided by 109?
41
What is the remainder when 781068 is divided by 467?
244
What is the remainder when 211587 is divided by 327?
18
Calculate the remainder when 5956243 is divided by 54.
43
What is the remainder when 125127 is divided by 614?
485
Calculate the remainder when 7113261 is divided by 1543.
31
Calculate the remainder when 1138529 is divided by 5693.
5622
Calculate the remainder when 2296430 is divided by 10027.
247
Calculate the remainder when 167009246 is divided by 224.
222
What is the remainder when 130486 is divided by 2212?
2190
What is the remainder when 827817 is divided by 965?
812
What is the remainder when 163968 is divided by 1502?
250
Calculate the remainder when 244400 is divided by 81440.
80
What is the remainder when 97636 is divided by 48542?
552
What is the remainder when 112802057 is divided by 37600680?
17
Calculate the remainder when 122776 is divided by 1126.
42
What is the remainder when 966844723 is divided by 452?
451
What is the remainder when 44606 is divided by 1689?
692
Calculate the remainder when 573824 is divided by 485.
69
Calculate the remainder when 71485647 is divided by 6.
3
Calculate the remainder when 99442 is divided by 2260.
2
Calculate the remainder when 8814524 is divided by 143.
4
What is the remainder when 1821426 is divided by 239?
7
What is the remainder when 4034035 is divided by 3040?
2995
Calculate the remainder when 534212 is divided by 2342.
236
Calculate the remainder when 138877120 is divided by 8447.
8440
Calculate the remainder when 446344893 is divided by 2333.
2332
What is the remainder when 135307009 is divided by 203?
201
Calculate the remainder when 897431 is divided by 20867.
150
What is the remainder when 8499 is divided by 8340?
159
What is the remainder when 22128 is divided by 10249?
1630
Calculate the remainder when 2097853 is divided by 4856.
61
Calculate the remainder when 547204 is divided by 10941.
154
What is the remainder when 11748128 is divided by 1418?
1416
Calculate the remainder when 4454789 is divided by 2227388.
13
Calculate the remainder when 79972 is divided by 13253.
454
Calculate the remainder when 3343843 is divided by 422.
337
What is the remainder when 6672149 is divided by 892?
881
Calculate the remainder when 4690695 is divided by 845.
100
What is the remainder when 21849549 is divided by 10924726?
97
Calculate the remainder when 603843 is divided by 256.
195
What is the remainder when 864873 is divided by 292?
261
Calculate the remainder when 514129 is divided by 5.
4
What is the remainder when 456499 is divided by 4551?
1399
What is the remainder when 359820 is divided by 359820?
0
Calculate the remainder when 12125961 is divided by 47740.
1
Calculate the remainder when 2937183 is divided by 106.
29
Calculate the remainder when 6141275 is divided by 2398.
2395
What is the remainder when 16327203 is divided by 14?
11
Calculate the remainder when 140160772 is divided by 46720253.
13
Calculate the remainder when 5215630 is divided by 1689.
1687
Calculate the remainder when 460287 is divided by 556.
475
Calculate the remainder when 12610161 is divided by 700564.
9
Calculate the remainder when 2492237 is divided by 498445.
12
Calculate the remainder when 40911309 is divided by 12.
9
What is the remainder when 50385 is divided by 321?
309
Calculate the remainder when 60880478 is divided by 76.
70
Calculate the remainder when 17336058 is divided by 443.
139
What is the remainder when 167520579 is divided by 768443?
5
What is the remainder when 5597414 is divided by 436?
46
Calculate the remainder when 12554775 is divided by 37702.
9
Calculate the remainder when 1123571 is divided by 2727.
47
Calculate the remainder when 2293045 is divided by 67442.
17
What is the remainder when 293878 is divided by 633?
166
Calculate the remainder when 2215954 is divided by 2719.
2688
What is the remainder when 11458145 is divided by 520820?
105
Calculate the remainder when 819694 is divided by 81967.
24
Calculate the remainder when 43741 is divided by 2094.
1861
Calculate the remainder when 126868 is divided by 1853.
864
What is the remainder when 18198634 is divided by 131874?
22
What is the remainder when 363618 is divided by 7?
3
Calculate the remainder when 294164 is divided by 1149.
20
Calculate the remainder when 5232 is divided by 5112.
120
Calculate the remainder when 114647 is divided by 114004.
643
Calculate the remainder when 1178858 is divided by 594.
362
Calculate the remainder when 97654 is divided by 97623.
31
What is the remainder when 683612 is divided by 22784?
92
What is the remainder when 73078625 is divided by 3922?
3921
What is the remainder when 325095 is divided by 108308?
171
What is the remainder when 261824 is divided by 130890?
44
Calculate the remainder when 3477396 is divided by 7025.
21
Calculate the remainder when 109702869 is divided by 602763.
3
What is the remainder when 52899 is divided by 26402?
95
What is the remainder when 1931134 is divided by 3925?
34
What is the remainder when 199347 is divided by 3399?
2205
Calculate the remainder when 199090 is divided by 339.
97
Calculate the remainder when 294911 is divided by 4964.
2035
Calculate the remainder when 153131 is divided by 5453.
447
What is the remainder when 20602811 is divided by 6867603?
2
What is the remainder when 50469 is divided by 671?
144
What is the remainder when 2433385 is divided by 937?
933
Calculate the remainder when 13876061 is divided by 130.
121
What is the remainder when 2247611 is divided by 606?
563
Calculate the remainder when 5185142 is divided by 576.
566
Calculate the remainder when 150355314 is divided by 72.
18
What is the remainder when 270227875 is divided by 40?
35
Calculate the remainder when 27115794 is divided by 34.
12
What is the remainder when 1305400 is divided by 271?
264
Calculate the remainder when 2250218 is divided by 1233.
1226
What is the remainder when 567022 is divided by 10306?
192
Calculate the remainder when 54950040 is divided by 2747502.
0
Calculate the remainder when 893689 is divided by 1078.
27
What is the remainder when 440673 is divided by 440622?
51
What is the remainder when 376417 is divided by 93879?
901
What is the remainder when 2476094 is divided by 64?
62
What is the remainder when 15447341 is divided by 42?
35
What is the remainder when 317427 is divided by 1319?
867
Calculate the remainder when 20505 is divided by 3406.
69
Calculate the remainder when 847347 is divided by 4345.
72
What is the remainder when 94707 is divided by 46748?
1211
What is the remainder when 3626532 is divided by 239?
185
Calculate the remainder when 1269476 is divided by 39.
26
Calculate the remainder when 98037458 is divided by 43.
38
Calculat